divided by 482.
215
Calculate the remainder when 31943710 is divided by 114.
112
What is the remainder when 160264 is divided by 80024?
216
What is the remainder when 737701 is divided by 13660?
61
Calculate the remainder when 5873044 is divided by 180.
4
What is the remainder when 241698675 is divided by 80566221?
12
What is the remainder when 30799 is divided by 9801?
1396
What is the remainder when 100623 is divided by 3339?
453
What is the remainder when 4095 is divided by 2165?
1930
Calculate the remainder when 144819 is divided by 36128.
307
Calculate the remainder when 210178391 is divided by 4361.
4357
Calculate the remainder when 51705247 is divided by 35102.
1
Calculate the remainder when 494594 is divided by 557.
535
What is the remainder when 5148300 is divided by 1588?
4
What is the remainder when 19946477 is divided by 3324412?
5
Calculate the remainder when 3522776 is divided by 1174256.
8
What is the remainder when 35835298 is divided by 100?
98
Calculate the remainder when 160697 is divided by 22728.
1601
Calculate the remainder when 2005545 is divided by 13370.
45
What is the remainder when 8976607 is divided by 1633?
6
Calculate the remainder when 7508732 is divided by 61.
59
What is the remainder when 3527291 is divided by 584?
515
Calculate the remainder when 424233 is divided by 101.
33
Calculate the remainder when 29855 is divided by 3973.
2044
What is the remainder when 30983 is divided by 1982?
1253
What is the remainder when 4398116 is divided by 1099464?
260
Calculate the remainder when 24300824 is divided by 7613.
128
What is the remainder when 610682 is divided by 87217?
163
What is the remainder when 104250 is divided by 2168?
186
Calculate the remainder when 3406001 is divided by 268.
257
What is the remainder when 85747 is divided by 24406?
12529
Calculate the remainder when 50485 is divided by 3182.
2755
What is the remainder when 11980 is divided by 1350?
1180
What is the remainder when 22705 is divided by 1400?
305
Calculate the remainder when 11661450 is divided by 43840.
10
What is the remainder when 5212503 is divided by 21?
9
Calculate the remainder when 8449588 is divided by 10.
8
What is the remainder when 1862 is divided by 469?
455
What is the remainder when 25729360 is divided by 401?
398
Calculate the remainder when 10593480 is divided by 11.
7
What is the remainder when 28485 is divided by 2959?
1854
What is the remainder when 506391 is divided by 97?
51
Calculate the remainder when 720369 is divided by 8.
1
Calculate the remainder when 537621 is divided by 22390.
261
Calculate the remainder when 203333 is divided by 203222.
111
Calculate the remainder when 76022936 is divided by 82.
80
What is the remainder when 39370 is divided by 1061?
113
Calculate the remainder when 1243365 is divided by 4692.
4677
Calculate the remainder when 17978 is divided by 248.
122
Calculate the remainder when 152021044 is divided by 2157.
2155
What is the remainder when 817071 is divided by 1459?
31
What is the remainder when 7155 is divided by 2940?
1275
What is the remainder when 16102276 is divided by 33?
25
What is the remainder when 1313 is divided by 1300?
13
What is the remainder when 3050246 is divided by 404?
46
Calculate the remainder when 219543 is divided by 16883.
64
What is the remainder when 15980 is divided by 1197?
419
Calculate the remainder when 2477387 is divided by 309636.
299
What is the remainder when 15534525 is divided by 1260?
1245
Calculate the remainder when 26722816 is divided by 8907566.
118
What is the remainder when 792589 is divided by 1321?
1310
What is the remainder when 1429457 is divided by 285888?
17
Calculate the remainder when 20880318 is divided by 1522.
0
Calculate the remainder when 14414 is divided by 3578.
102
Calculate the remainder when 3120680 is divided by 256.
40
What is the remainder when 3804408 is divided by 18649?
12
What is the remainder when 24644092 is divided by 1846?
1838
Calculate the remainder when 14114028 is divided by 76.
68
Calculate the remainder when 11451002 is divided by 1306.
1300
What is the remainder when 595197 is divided by 9945?
8442
Calculate the remainder when 15247750 is divided by 46.
38
Calculate the remainder when 23226773 is divided by 395.
378
What is the remainder when 157847 is divided by 2249?
417
Calculate the remainder when 50132594 is divided by 218.
6
Calculate the remainder when 20645 is divided by 19997.
648
Calculate the remainder when 634259 is divided by 62.
61
What is the remainder when 764159 is divided by 344?
135
Calculate the remainder when 613845 is divided by 1607.
1578
What is the remainder when 5087 is divided by 3384?
1703
Calculate the remainder when 12717062 is divided by 1160.
1142
Calculate the remainder when 1422406 is divided by 177682.
950
What is the remainder when 260940 is divided by 3106?
36
Calculate the remainder when 4342648 is divided by 51.
49
What is the remainder when 68049 is divided by 198?
135
What is the remainder when 19468 is divided by 1797?
1498
What is the remainder when 4854407 is divided by 1618121?
44
What is the remainder when 61535907 is divided by 235?
217
Calculate the remainder when 56083 is divided by 2670.
13
Calculate the remainder when 171175 is divided by 18653.
3298
What is the remainder when 2257511 is divided by 28?
11
Calculate the remainder when 5290516 is divided by 735.
721
Calculate the remainder when 286876 is divided by 191.
185
Calculate the remainder when 134124 is divided by 13364.
484
What is the remainder when 75328553 is divided by 2038?
2035
Calculate the remainder when 132105 is divided by 159.
135
Calculate the remainder when 29549191 is divided by 164.
163
What is the remainder when 21752695 is divided by 195?
55
What is the remainder when 36930507 is divided by 1605674?
5
What is the remainder when 250198 is divided by 14435?
4803
Calculate the remainder when 18336301 is divided by 4469.
4463
Calculate the remainder when 162295 is divided by 162220.
75
What is the remainder when 11774850 is divided by 535219?
32
What is the remainder when 1383406 is divided by 65?
11
What is the remainder when 73002 is divided by 17972?
1114
Calculate the remainder when 12189 is divided by 12128.
61
What is the remainder when 5135974 is divided by 1711990?
4
Calculate the remainder when 7703345 is divided by 24455.
20
What is the remainder when 133282 is divided by 5553?
10
What is the remainder when 15689 is divided by 15419?
270
Calculate the remainder when 15283362 is divided by 13707.
57
What is the remainder when 1597251 is divided by 171?
111
Calculate the remainder when 484333 is divided by 927.
439
What is the remainder when 16548 is divided by 7436?
1676
What is the remainder when 137858 is divided by 2600?
58
Calculate the remainder when 1122140 is divided by 561063.
14
What is the remainder when 39660 is divided by 308?
236
What is the remainder when 143630 is divided by 1915?
5
Calculate the remainder when 52555 is divided by 541.
78
What is the remainder when 736316 is divided by 353?
311
Calculate the remainder when 17764842 is divided by 151.
145
What is the remainder when 53832968 is divided by 8249?
8243
What is the remainder when 1812762 is divided by 70?
42
Calculate the remainder when 4885244 is divided by 45.
44
What is the remainder when 699473 is divided by 459?
416
Calculate the remainder when 96086140 is divided by 51.
49
What is the remainder when 10565418 is divided by 111?
105
Calculate the remainder when 834866 is divided by 208706.
42
What is the remainder when 1376395 is divided by 879?
760
What is the remainder when 28932346 is divided by 7233082?
18
What is the remainder when 1356799 is divided by 102?
97
Calculate the remainder when 142824 is divided by 725.
724
What is the remainder when 29785814 is divided by 1861611?
38
Calculate the remainder when 4994037 is divided by 259.
258
Calculate the remainder when 924819 is divided by 184945.
94
Calculate the remainder when 243484 is divided by 1503.
1501
What is the remainder when 3902995 is divided by 2122?
637
Calculate the remainder when 2297379 is divided by 300.
279
What is the remainder when 294353 is divided by 147059?
235
Calculate the remainder when 363524 is divided by 16.
4
Wh